= -5*s + 17. Let w be k(-7). What is the highest common factor of 26 and w?
26
Suppose v - 60 = -3*v - 5*d, -4*d = v - 15. Calculate the greatest common divisor of 3 and v.
3
Let d(n) be the second derivative of -n**2 + 0 + 2/3*n**3 - n. Let w be d(3). Calculate the highest common factor of w and 30.
10
Suppose a = 32 - 0. Let i(j) = j**3 - 4*j**2 - 11*j - 2. Let r be i(6). What is the greatest common divisor of r and a?
4
Suppose 5*o - 13*o = -352. What is the greatest common factor of 110 and o?
22
Suppose 6 = -3*w - 6. Let n(k) = -k**3 - 5*k**2 - 5*k + 4. Let q be n(w). What is the highest common divisor of 32 and q?
8
Suppose -3*c = -2 - 7, 4*c = 4*h - 428. Suppose -h = -2*f - 40. Calculate the greatest common factor of f and 5.
5
Suppose 0 = k - 7 - 3. Let v(o) = 81*o**2 - o. Let n be v(1). Calculate the highest common divisor of k and n.
10
Suppose -18 = 3*h - 4*h. Let t(w) = -w - 7. Let n(b) = b + 3. Let f(p) = 9*n(p) + 4*t(p). Let s be f(2). Calculate the greatest common divisor of h and s.
9
Suppose 60 = 5*w + h, 0 - 2 = w + 3*h. What is the greatest common divisor of w and 52?
13
Let l(r) = 4*r**2 + 6*r - 3. Let o be l(-3). What is the highest common factor of o and 15?
15
Suppose 0 = -2*z + 3*x + 39, 6*z - 80 = 2*z + 4*x. What is the highest common factor of z and 3?
3
Let i(v) = v**2 - 3*v - 3. Let s(r) = r**2 - 9*r + 5. Let p be s(9). Let t be i(p). What is the greatest common divisor of 77 and t?
7
Let b(m) = 3 - 12 + 2*m - m - 4*m. Let x be b(-6). What is the highest common divisor of 72 and x?
9
Let g be 520/234 - 4/18. Calculate the greatest common factor of g and 1.
1
Suppose -4*i - 16 = 5*t + 14, 2*i + 8 = t. Let c be (-33)/t*(-4)/(-3). Calculate the greatest common divisor of 33 and c.
11
Suppose 0 = 2*v + 15 - 157. Suppose -l + 4*t - 3*t = -29, -3*l + v = t. Suppose -10 = -5*r + 15. What is the highest common divisor of l and r?
5
Let j be 0 + (34 + -2)*1. Let g = 11 - -69. Calculate the highest common factor of g and j.
16
Let l(g) = 21 - 2*g + g + 35. Let z be l(0). Let h(m) = 3*m - 32. Let j be h(13). Calculate the highest common divisor of z and j.
7
Suppose 4837 + 777 = -4*g + 3*i, g + 5*i + 1392 = 0. Let c be g/(-6) - (-5)/15. What is the highest common factor of c and 26?
26
Suppose -2*r + 16 = -4*i + 2, 2*r - i = 20. What is the greatest common divisor of 1 and r?
1
Suppose 4*w - 2*w - 75 = -5*b, -5*b - 3*w + 75 = 0. Calculate the greatest common factor of b and 135.
15
Let l(o) = -o**3 - 4*o**2 + 4. Let h be l(-4). Let i(w) = -w - 8. Let x be i(-10). Suppose -g - x = -3. Calculate the greatest common divisor of g and h.
1
Let y(u) = -3*u - 6. Suppose 0 = -0*f + 5*f + 25. Let r be y(f). Calculate the highest common divisor of 27 and r.
9
Suppose -o = -3*n + 4*o + 185, -4*n = 4*o - 236. Let x be n/3 - (0 + 0). Calculate the highest common divisor of 5 and x.
5
Let y = -7 + 33. Calculate the greatest common factor of y and 26.
26
Let v(w) = 90*w**2 - 4*w + 1. Let m be v(-2). What is the highest common factor of m and 41?
41
Let w(u) = u**3 - 3*u**2 - 2*u. Let i be w(4). Let y be -4 + i + (43 - -1). Suppose 0 = 3*s - 12 - 12. What is the highest common divisor of y and s?
8
Let d = -7 + 13. Suppose s - 10 = -4*s. Let x(h) = 10*h - 2. Let u be x(s). Calculate the greatest common factor of d and u.
6
Suppose -x + 82 + 33 = 0. What is the highest common divisor of x and 46?
23
Let s = 31 - 138. Let p = -75 - s. What is the highest common factor of p and 8?
8
Suppose -15 = p - 6*p. Suppose 9 - p = 3*w. Let g(s) = -s**2 + 4*s + 7. Let i be g(5). What is the highest common divisor of w and i?
2
Suppose -4*j - s + 131 = 42, -3*s + 15 = 0. Calculate the greatest common factor of 3 and j.
3
Suppose -2*z - 28 + 132 = 0. Calculate the highest common divisor of z and 13.
13
Let g(l) = -41*l - 7. Let i be g(-5). Suppose 13*s - 660 = -17*s. Calculate the greatest common divisor of s and i.
22
Let i(o) = o**2 - 2*o + 3. Let k be i(2). Let x(d) = d**k + 8*d**2 + 4 - 3 + 1 - 3*d. Let t be x(-7). What is the highest common divisor of t and 9?
9
Let y = -56 - -141. Calculate the greatest common factor of 34 and y.
17
Suppose 4 = -3*p + 76. Calculate the highest common factor of p and 216.
24
Let l = -267 - -422. Calculate the greatest common divisor of 62 and l.
31
Suppose 0 = 5*k - p + 23, 3*p + 6 = 3*k + 27. Let x = k + 14. What is the highest common divisor of 50 and x?
10
Suppose a - 32 = -7. Suppose -2*o + 11 = m, 3*o - 2*m - 12 = m. Calculate the highest common factor of o and a.
5
Let x be (2 + -1)/((-3)/(-9)). Let i(n) = n**2 + 10*n + 10. Let b be i(-9). What is the highest common divisor of b and x?
1
Let a be (320/(-30))/((-2)/6). Suppose -2*g + 3*g + 5 = -2*w, -5 = w + 3*g. Let l = a + w. Calculate the greatest common factor of l and 20.
10
Let d(c) = c**3 - 2*c**2 - 4*c + 6. Let l be d(4). Let s be -5 + 3 + (l - 0). Let f = s + -10. Calculate the highest common factor of 80 and f.
10
Let n = 41 + -28. Suppose -208 = -2*t + 356. Suppose -433 = -3*q - 4*l, 2*l + 2*l + t = 2*q. Calculate the highest common factor of q and n.
13
Let k(a) = -a**2 + 2*a + 4. Let v be k(3). Suppose -4*b + 0*b + j + 40 = 0, 3*j + 48 = 4*b. What is the highest common divisor of b and v?
1
Let t = -11 + 18. Suppose -z - z - 2*i = -38, -3*i + 1 = -z. What is the highest common factor of z and t?
7
Let n = -19 + 45. What is the highest common divisor of 182 and n?
26
Suppose 0 = 4*v - 2*r + 6*r - 208, 4*v - 4*r - 176 = 0. Suppose -o + 24 = 2*o. Calculate the highest common factor of v and o.
8
Let p(z) = z**2 - 2*z. Let m be p(-2). Let o be 1/(-3) + (-49)/(-3). What is the greatest common divisor of m and o?
8
Let r be (-3)/(-18) - (-310)/12. Calculate the highest common factor of 13 and r.
13
Let l(b) = -2*b - 9. Let z be (1*7)/(2 + -3). Let q be l(z). Suppose 21 = 2*u + 3*w, 4*w = 2*u - u - q. What is the highest common divisor of 18 and u?
9
Let k(p) = -4*p + 33. Let h(j) = -2*j + 17. Let d = 8 - 3. Let z(b) = d*h(b) - 3*k(b). Let x be z(11). What is the highest common factor of x and 20?
4
Suppose -4*r = 5*c + 24, 2*c + 1 = 3*r + c. Let n be ((-3)/(-4))/(r/(-4)). Suppose -16 = -n*a + 8. What is the greatest common divisor of 24 and a?
8
Suppose 3*c - 20 = -2*c. What is the greatest common factor of c and 6?
2
Suppose 3*w - 2*p - 69 = -p, -63 = -2*w - 5*p. Let l be 10/3 + 3/(-9). What is the greatest common divisor of l and w?
3
Suppose -4*n + 2 = -10. Calculate the greatest common factor of 2 and n.
1
Let h(u) = u**2 + 3*u + 2. Let g be h(-6). What is the highest common factor of 20 and g?
20
Let q = 6 + -13. Let g(a) = a**3 + 6*a**2 - 10*a - 3. Let v be g(q). Suppose -720 = -6*m + 2*m. What is the greatest common factor of m and v?
18
Let p(k) = k - 7. Let n be p(15). Suppose -l - 17 = 4*l - 2*c, 0 = -l + c - 1. Let i be (-1)/l + 18/10. What is the greatest common divisor of n and i?
2
Let m be ((-4)/2 - -3)*12. Calculate the highest common divisor of 3 and m.
3
Let y = 241 - 79. Calculate the highest common divisor of 18 and y.
18
Suppose 5*z + 0 = -5*x + 15, x + 6 = -4*z. Calculate the highest common divisor of 54 and x.
6
Let a = -99 - -205. Let f = 181 - a. Calculate the highest common divisor of 15 and f.
15
Suppose 0 = 7*x - 6*x - 63. What is the highest common factor of x and 18?
9
Let f(j) be the second derivative of -25*j**3/6 + 7*j**2/2 - j. Let o be f(-5). Let n be ((-12)/15)/(1/(-15)). Calculate the greatest common divisor of n and o.
12
Suppose -20 = -0*l + 4*l, j - 3*l - 19 = 0. Suppose -4*m = j*g - 144 - 164, -3*g + 15 = 0. Calculate the greatest common divisor of m and 18.
18
Suppose 2*c = 31 - 15. Calculate the greatest common divisor of c and 56.
8
Suppose 0 = -10*n + 105 - 15. What is the highest common factor of n and 81?
9
Let s(v) = v**3 + 5*v**2 + 2*v - 2. Let z be s(-3). Calculate the greatest common factor of 2 and z.
2
Let k be (-6)/(-27) - (-43)/9. Suppose k*w = -25, -17 = -0*g - 2*g - 5*w. What is the greatest common divisor of g and 42?
21
Let m be ((-120)/(-25))/((-6)/(-20)). Calculate the highest common factor of m and 48.
16
Let j(m) = -6*m - 1. Let u be j(-2). Calculate the greatest common divisor of 55 and u.
11
Suppose -154 = -4*d - 2*i + 276, 2*i - 320 = -3*d. Suppose 5*u + 14 - 89 = 0. Let y = 25 - u. Calcu